{"id":3891,"date":"2024-03-19T10:28:07","date_gmt":"2024-03-19T09:28:07","guid":{"rendered":"https:\/\/www.apilab.esa.re\/?page_id=3891"},"modified":"2024-03-26T13:31:46","modified_gmt":"2024-03-26T12:31:46","slug":"pensee-plastique-des-insularites","status":"publish","type":"page","link":"http:\/\/www.apilab.esa.re\/index.php\/arcs\/pensee-plastique-des-insularites\/","title":{"rendered":"Pens\u00e9e plastique des insularit\u00e9s"},"content":{"rendered":"<h1 style=\"text-align: center;\">ARC Pens\u00e9e plastique des insularit\u00e9s<\/h1>\n<p><span class=\"C9DxTc \">Projet d\u2019\u00e9laboration d\u2019une \u00ab carte mentale \u00bb des repr\u00e9sentations \u00eeliennes<\/span><\/p>\n<p><span class=\"C9DxTc \">\u00ab L\u2019oeuvre d\u2019art est un objet plastique produit par une pens\u00e9e plastique distincte de la pens\u00e9e technique ou scientifique. \u00bb\u00a0<\/span><\/p>\n<p><span class=\"C9DxTc \">Pierre Francastel, Art et technique aux XIX\u00e8me et XX\u00e8me si\u00e8cles, \u00c9d.<\/span><\/p>\n<p><span class=\"C9DxTc \">Deno\u00ebl\/Gonthier, 1972, p.108<\/span><\/p>\n<p><span class=\"C9DxTc \">J\u2019ai une image de l\u2019\u00eele en t\u00eate, celle d\u2019un labyrinthe jouant de sa situation g\u00e9ographique et de sa topographie, naturel et culturel, li\u00e9 \u00e0 son histoire et \u00e0 sa construction sociale. Pour comprendre l\u2019\u00eele, la repr\u00e9sentation du corps humain insulaire territorialis\u00e9 &#8211; sp\u00e9cifiquement celui du corps r\u00e9unionnais, individuel et social &#8211; par\u00e9 d\u2019un v\u00eatement occidental, sur une peau indienne ou asiatique qui recouvre une chair int\u00e9rieure de l\u2019Afrique noire (id\u00e9e emprunt\u00e9e \u00e0 G. Chopinet), nous immerge d\u00e9j\u00e0 dans une \u00eele de la complexit\u00e9. Une \u00eele qui s\u2019est faite par croisements de juxtapositions.<\/span><\/p>\n<p><span class=\"C9DxTc \">Il s\u2019agit de mener et partager des recherches en art et sur l\u2019art qui travaillent la question de nos repr\u00e9sentations des \u00eeles, en g\u00e9n\u00e9ral, de notre territoire insulaire en particulier , celui-ci en interrelations avec un archipel India- oc\u00e9anique et sa m\u00e9tropole fran\u00e7aise et europ\u00e9enne.<\/span><\/p>\n<p><span class=\"C9DxTc \">Une \u00eele produit-elle des formes qui sont sp\u00e9cifiques aux repr\u00e9sentations de son insularit\u00e9 et de son il\u00e9it\u00e9 ?<\/span><\/p>\n<p><span class=\"C9DxTc \">Espace clos &#8211; \u00ab en discontinuit\u00e9 terrestre -, l\u2019\u00eele est d\u2019embl\u00e9e signifiante de la relation.<\/span><\/p>\n<p><span class=\"C9DxTc \">&#8211; En quoi les oeuvres, leurs formes, font-elles part de cette relation ?<\/span><\/p>\n<p><span class=\"C9DxTc \">&#8211; Comment les repr\u00e9sentations et expressions sensibles t\u00e9moignent de ce \u00ab processus g\u00e9ographique d\u2019interaction r\u00e9gionale \u00ab ? (In : Etude de l\u2019insularit\u00e9 &#8211; p.11 &#8211; Pers\u00e9e.fr)<\/span><\/p>\n<p><span class=\"C9DxTc \">&#8211; Comment les repr\u00e9sentations de l\u2019insularit\u00e9 et de l\u2019il\u00e9it\u00e9 influent sur les expressions et les g\u00e9n\u00e8rent ? Les oeuvres en retour, nous informent-elles, sur nos mani\u00e8res d\u2019habiter un territoire insulaire ?<\/span><\/p>\n<p><span class=\"C9DxTc \">Ce sont quelques questions d\u00e9j\u00e0 de la recherche qui n\u00e9cessite observation des productions sensibles.<\/span><\/p>\n<p><span class=\"C9DxTc \">Parce qu\u2019au d\u00e9part espace clos, l\u2019\u00eele est devenue un lieu privil\u00e9gi\u00e9 pour les chercheurs. Elle est un laboratoire. Cette repr\u00e9sentation moderne semble susciter un regain d\u2019int\u00e9r\u00eat dans de nombreux champs d\u2019\u00e9tudes dont l\u2019art avec des artistes qui travaillent ensemble art, science et po\u00e9sie.<\/span><\/p>\n","protected":false},"excerpt":{"rendered":"<p>ARC Pens\u00e9e plastique des insularit\u00e9s Projet d\u2019\u00e9laboration d\u2019une \u00ab carte mentale \u00bb des repr\u00e9sentations \u00eeliennes \u00ab L\u2019oeuvre d\u2019art est un objet plastique produit par une pens\u00e9e plastique distincte de la pens\u00e9e technique ou scientifique. \u00bb\u00a0 Pierre Francastel, Art et technique aux XIX\u00e8me et XX\u00e8me si\u00e8cles, \u00c9d. Deno\u00ebl\/Gonthier, 1972, p.108 J\u2019ai une image de l\u2019\u00eele en [&hellip;]<\/p>\n","protected":false},"author":1,"featured_media":0,"parent":3485,"menu_order":0,"comment_status":"closed","ping_status":"closed","template":"","meta":{"footnotes":""},"_links":{"self":[{"href":"http:\/\/www.apilab.esa.re\/index.php\/wp-json\/wp\/v2\/pages\/3891"}],"collection":[{"href":"http:\/\/www.apilab.esa.re\/index.php\/wp-json\/wp\/v2\/pages"}],"about":[{"href":"http:\/\/www.apilab.esa.re\/index.php\/wp-json\/wp\/v2\/types\/page"}],"author":[{"embeddable":true,"href":"http:\/\/www.apilab.esa.re\/index.php\/wp-json\/wp\/v2\/users\/1"}],"replies":[{"embeddable":true,"href":"http:\/\/www.apilab.esa.re\/index.php\/wp-json\/wp\/v2\/comments?post=3891"}],"version-history":[{"count":3,"href":"http:\/\/www.apilab.esa.re\/index.php\/wp-json\/wp\/v2\/pages\/3891\/revisions"}],"predecessor-version":[{"id":3899,"href":"http:\/\/www.apilab.esa.re\/index.php\/wp-json\/wp\/v2\/pages\/3891\/revisions\/3899"}],"up":[{"embeddable":true,"href":"http:\/\/www.apilab.esa.re\/index.php\/wp-json\/wp\/v2\/pages\/3485"}],"wp:attachment":[{"href":"http:\/\/www.apilab.esa.re\/index.php\/wp-json\/wp\/v2\/media?parent=3891"}],"curies":[{"name":"wp","href":"https:\/\/api.w.org\/{rel}","templated":true}]}}