{"id":20,"date":"2021-05-11T14:58:38","date_gmt":"2021-05-11T12:58:38","guid":{"rendered":"http:\/\/www.apilab.esa.re\/?page_id=20"},"modified":"2024-04-23T06:35:49","modified_gmt":"2024-04-23T04:35:49","slug":"artctuel","status":"publish","type":"page","link":"https:\/\/www.apilab.esa.re\/index.php\/artctuel\/","title":{"rendered":"ARTCTUEL"},"content":{"rendered":"\t\t<div data-elementor-type=\"wp-page\" data-elementor-id=\"20\" class=\"elementor elementor-20\" data-elementor-settings=\"[]\">\n\t\t\t\t\t\t<div class=\"elementor-inner\">\n\t\t\t\t\t\t\t<div class=\"elementor-section-wrap\">\n\t\t\t\t\t\t\t<section class=\"elementor-section elementor-top-section elementor-element elementor-element-29891a8 elementor-section-boxed elementor-section-height-default elementor-section-height-default\" data-id=\"29891a8\" data-element_type=\"section\" data-settings=\"{&quot;tmea_shape_divider_top&quot;:&quot;none&quot;,&quot;tmea_shape_divider_bottom&quot;:&quot;none&quot;}\">\n\t\t\t\t\t\t<div class=\"elementor-container elementor-column-gap-default\">\n\t\t\t\t\t\t\t<div class=\"elementor-row\">\n\t\t\t\t\t<div class=\"elementor-column elementor-col-100 elementor-top-column elementor-element elementor-element-7e28a3c\" data-id=\"7e28a3c\" data-element_type=\"column\">\n\t\t\t<div class=\"elementor-column-wrap elementor-element-populated\">\n\t\t\t\t\t\t\t<div class=\"elementor-widget-wrap\">\n\t\t\t\t\t\t<div class=\"elementor-element elementor-element-13669de elementor--h-position-center elementor--v-position-middle elementor-arrows-position-inside elementor-pagination-position-inside elementor-widget elementor-widget-slides\" data-id=\"13669de\" data-element_type=\"widget\" data-settings=\"{&quot;autoplay_speed&quot;:3000,&quot;transition_speed&quot;:1000,&quot;navigation&quot;:&quot;both&quot;,&quot;autoplay&quot;:&quot;yes&quot;,&quot;pause_on_hover&quot;:&quot;yes&quot;,&quot;pause_on_interaction&quot;:&quot;yes&quot;,&quot;infinite&quot;:&quot;yes&quot;,&quot;transition&quot;:&quot;slide&quot;}\" data-widget_type=\"slides.default\">\n\t\t\t\t<div class=\"elementor-widget-container\">\n\t\t\t\t\t<div class=\"elementor-swiper\">\n\t\t\t<div class=\"elementor-slides-wrapper elementor-main-swiper swiper-container\" dir=\"ltr\" data-animation=\"fadeInRight\">\n\t\t\t\t<div class=\"swiper-wrapper elementor-slides\">\n\t\t\t\t\t<div class=\"elementor-repeater-item-948d261 swiper-slide\"><div class=\"swiper-slide-bg\"><\/div><div class=\"swiper-slide-inner\" ><div class=\"swiper-slide-contents\"><div class=\"elementor-slide-heading\">A__CTUEL<\/div><div class=\"elementor-slide-description\">esth\u00e9tique, politique, narration<\/div><\/div><\/div><\/div><div class=\"elementor-repeater-item-b8951cf swiper-slide\"><div class=\"swiper-slide-bg\"><\/div><div class=\"swiper-slide-inner\" ><div class=\"swiper-slide-contents\"><div class=\"elementor-slide-heading\">Revue d'APILab, num\u00e9ro z\u00e9ro<\/div><\/div><\/div><\/div><div class=\"elementor-repeater-item-8ed81b5 swiper-slide\"><div class=\"swiper-slide-bg\"><\/div><div class=\"swiper-slide-inner\" ><div class=\"swiper-slide-contents\"><\/div><\/div><\/div><div class=\"elementor-repeater-item-58fafcf swiper-slide\"><div class=\"swiper-slide-bg\"><\/div><div class=\"swiper-slide-inner\" ><div class=\"swiper-slide-contents\"><div class=\"elementor-slide-heading\">Magma<\/div><div class=\"elementor-slide-description\">Pour son premier num\u00e9ro, la revue d'APILab change de nom<\/div><\/div><\/div><\/div>\t\t\t\t<\/div>\n\t\t\t\t\t\t\t\t\t\t\t\t\t\t\t<div class=\"swiper-pagination\"><\/div>\n\t\t\t\t\t\t\t\t\t\t\t\t\t\t\t\t<div class=\"elementor-swiper-button elementor-swiper-button-prev\">\n\t\t\t\t\t\t\t<i class=\"eicon-chevron-left\" aria-hidden=\"true\"><\/i>\n\t\t\t\t\t\t\t<span class=\"elementor-screen-only\">Previous<\/span>\n\t\t\t\t\t\t<\/div>\n\t\t\t\t\t\t<div class=\"elementor-swiper-button elementor-swiper-button-next\">\n\t\t\t\t\t\t\t<i class=\"eicon-chevron-right\" aria-hidden=\"true\"><\/i>\n\t\t\t\t\t\t\t<span class=\"elementor-screen-only\">Next<\/span>\n\t\t\t\t\t\t<\/div>\n\t\t\t\t\t\t\t\t\t\t\t\t<\/div>\n\t\t<\/div>\n\t\t\t\t<\/div>\n\t\t\t\t<\/div>\n\t\t\t\t\t\t<\/div>\n\t\t\t\t\t<\/div>\n\t\t<\/div>\n\t\t\t\t\t\t\t\t<\/div>\n\t\t\t\t\t<\/div>\n\t\t<\/section>\n\t\t\t\t<section class=\"elementor-section elementor-top-section elementor-element elementor-element-136b087 elementor-section-boxed elementor-section-height-default elementor-section-height-default\" data-id=\"136b087\" data-element_type=\"section\" data-settings=\"{&quot;tmea_shape_divider_top&quot;:&quot;none&quot;,&quot;tmea_shape_divider_bottom&quot;:&quot;none&quot;}\">\n\t\t\t\t\t\t<div class=\"elementor-container elementor-column-gap-default\">\n\t\t\t\t\t\t\t<div class=\"elementor-row\">\n\t\t\t\t\t<div class=\"elementor-column elementor-col-100 elementor-top-column elementor-element elementor-element-28564c8\" data-id=\"28564c8\" data-element_type=\"column\">\n\t\t\t<div class=\"elementor-column-wrap elementor-element-populated\">\n\t\t\t\t\t\t\t<div class=\"elementor-widget-wrap\">\n\t\t\t\t\t\t<div class=\"elementor-element elementor-element-2942d9e elementor-widget elementor-widget-heading\" data-id=\"2942d9e\" data-element_type=\"widget\" data-widget_type=\"heading.default\">\n\t\t\t\t<\/div>\n\t\t\t\t\t\t<\/div>\n\t\t\t\t\t<\/div>\n\t\t<\/div>\n\t\t\t\t\t\t\t\t<\/div>\n\t\t\t\t\t<\/div>\n\t\t<\/section>\n\t\t\t\t<section class=\"elementor-section elementor-top-section elementor-element elementor-element-1ca95b7 elementor-section-boxed elementor-section-height-default elementor-section-height-default\" data-id=\"1ca95b7\" data-element_type=\"section\" data-settings=\"{&quot;tmea_shape_divider_top&quot;:&quot;none&quot;,&quot;tmea_shape_divider_bottom&quot;:&quot;none&quot;}\">\n\t\t\t\t\t\t<div class=\"elementor-container elementor-column-gap-default\">\n\t\t\t\t\t\t\t<div class=\"elementor-row\">\n\t\t\t\t\t<div class=\"elementor-column elementor-col-100 elementor-top-column elementor-element elementor-element-e61d9fa\" data-id=\"e61d9fa\" data-element_type=\"column\">\n\t\t\t<div class=\"elementor-column-wrap elementor-element-populated\">\n\t\t\t\t\t\t\t<div class=\"elementor-widget-wrap\">\n\t\t\t\t\t\t<div class=\"elementor-element elementor-element-8b7568e elementor-widget elementor-widget-text-editor\" data-id=\"8b7568e\" data-element_type=\"widget\" data-widget_type=\"text-editor.default\">\n\t\t\t\t<div class=\"elementor-widget-container\">\n\t\t\t\t\t\t\t\t<div class=\"elementor-text-editor elementor-clearfix\">\n\t\t\t\t\t<p>\u00a0 \u00a0 \u00a0 \u00a0 \u00a0 \u00a0 \u00a0 \u00a0 \u00a0 Ce site ne publie qu&#8217;une partie des articles de la revue ARTCTUEL. La version compl\u00e8te, au format papier, sera disponible courant f\u00e9vrier.\u00a0<\/p>\t\t\t\t\t<\/div>\n\t\t\t\t\t\t<\/div>\n\t\t\t\t<\/div>\n\t\t\t\t\t\t<\/div>\n\t\t\t\t\t<\/div>\n\t\t<\/div>\n\t\t\t\t\t\t\t\t<\/div>\n\t\t\t\t\t<\/div>\n\t\t<\/section>\n\t\t\t\t<section class=\"elementor-section elementor-top-section elementor-element elementor-element-9694b2f elementor-section-boxed elementor-section-height-default elementor-section-height-default\" data-id=\"9694b2f\" data-element_type=\"section\" data-settings=\"{&quot;tmea_shape_divider_top&quot;:&quot;none&quot;,&quot;tmea_shape_divider_bottom&quot;:&quot;none&quot;}\">\n\t\t\t\t\t\t<div class=\"elementor-container elementor-column-gap-default\">\n\t\t\t\t\t\t\t<div class=\"elementor-row\">\n\t\t\t\t\t<div class=\"elementor-column elementor-col-100 elementor-top-column elementor-element elementor-element-006d69d\" data-id=\"006d69d\" data-element_type=\"column\">\n\t\t\t<div class=\"elementor-column-wrap elementor-element-populated\">\n\t\t\t\t\t\t\t<div class=\"elementor-widget-wrap\">\n\t\t\t\t\t\t<div class=\"elementor-element elementor-element-91348c0 elementor-widget elementor-widget-blog-revolution\" data-id=\"91348c0\" data-element_type=\"widget\" data-widget_type=\"blog-revolution.default\">\n\t\t\t\t<div class=\"elementor-widget-container\">\n\t\t\t<div class='blogrevolution box-align-center style-style1'><div class='col-md-12'><div class=\"box_post\"><h1 class=\"title_post\"> <a  style=\"color: #030202\"\n\t\t\t  onMouseOver=\"this.style.color = '#6988C4';\" onMouseLeave=\"this.style.color = '#030202';\"\n\t\t\t\thref=\"https:\/\/www.apilab.esa.re\/index.php\/2021\/05\/11\/naitre-au-monde\/\">Na\u00eetre au monde<\/a><\/h1><p class=\"text_post\" style=\"color: #777777 \">Na\u00eetre au mondeEntretien avec Soeuf Elbadawi, artiste impliqu\u00e9 Les Comores et la politique sont au centre de votre engagement artistique. Mais votre travail est autant diffus\u00e9 \u00e0<a href=\"https:\/\/www.apilab.esa.re\/index.php\/2021\/05\/11\/naitre-au-monde\/\" class=\"load_more\"><i style=\"color:#777777 \" class=\"fas fa-long-arrow-alt-right\"\n\n\t\t\tonMouseOver=\"this.style.color = '#6988C4';\" onMouseLeave=\"this.style.color = '#777777';\"\n\n\t\t\t><\/i><\/a><\/p><div class=\"box_info line\"><div class=\"info post_author\"><i style=\"color: #777777 \" class=\"far fa-user\"><\/i><a href=\"https:\/\/www.apilab.esa.re\/index.php\/author\/fmary\/\" style=\"color:#777777\"\n\n\t\tonMouseOver=\"this.style.color = '#6988C4';\" onMouseLeave=\"this.style.color = '#777777';\"\n\n\t\t>Fr\u00e9d\u00e9ric MARY<\/a><\/div><div style=\"color: #777777 \" class=\"info post_date\"><i style=\"color: #777777 \"  class=\"far fa-calendar-alt\"><\/i>11 mai 2021<\/div><div class=\"info post_comment\"><i style=\"color: #777777 \"  class=\"far fa-comment-alt\"><\/i><a style=\"color: #777777 \" href=\"https:\/\/www.apilab.esa.re\/index.php\/2021\/05\/11\/naitre-au-monde\/#respond\"\n\n\t\t\tonMouseOver=\"this.style.color = '#6988C4';\" onMouseLeave=\"this.style.color = '#777777';\"\n\n\t\t\t>0<\/a><\/div><\/div><h4 class=\"info post_category line\"><a style=\"color: #777777 \" href=\"https:\/\/www.apilab.esa.re\/index.php\/category\/actions\/\"\n\n\t\t\t\t\t\tonMouseOver=\"this.style.color = '#6988C4';\" onMouseLeave=\"this.style.color = '#777777';\"\n\n\t\t\t\t\t\t>Action(s)<\/a><\/h4><\/div><\/div><div class='col-md-12'><div class=\"box_post\"><h1 class=\"title_post\"> <a  style=\"color: #030202\"\n\t\t\t  onMouseOver=\"this.style.color = '#6988C4';\" onMouseLeave=\"this.style.color = '#030202';\"\n\t\t\t\thref=\"https:\/\/www.apilab.esa.re\/index.php\/2021\/05\/11\/pirate-2\/\">Pirate 2<\/a><\/h1><p class=\"text_post\" style=\"color: #777777 \">Pirate 2 Be air and water : Fragments d&#8217;un dialogue sur la piraterie avec Hsiang-Pin Wu (par C\u00e9dric Mong-Hy) Les d\u00e9lices de la domestication Il y a de l\u2019indolence programm\u00e9e comme<a href=\"https:\/\/www.apilab.esa.re\/index.php\/2021\/05\/11\/pirate-2\/\" class=\"load_more\"><i style=\"color:#777777 \" class=\"fas fa-long-arrow-alt-right\"\n\n\t\t\tonMouseOver=\"this.style.color = '#6988C4';\" onMouseLeave=\"this.style.color = '#777777';\"\n\n\t\t\t><\/i><\/a><\/p><div class=\"box_info line\"><div class=\"info post_author\"><i style=\"color: #777777 \" class=\"far fa-user\"><\/i><a href=\"https:\/\/www.apilab.esa.re\/index.php\/author\/fmary\/\" style=\"color:#777777\"\n\n\t\tonMouseOver=\"this.style.color = '#6988C4';\" onMouseLeave=\"this.style.color = '#777777';\"\n\n\t\t>Fr\u00e9d\u00e9ric MARY<\/a><\/div><div style=\"color: #777777 \" class=\"info post_date\"><i style=\"color: #777777 \"  class=\"far fa-calendar-alt\"><\/i>11 mai 2021<\/div><div class=\"info post_comment\"><i style=\"color: #777777 \"  class=\"far fa-comment-alt\"><\/i><a style=\"color: #777777 \" href=\"https:\/\/www.apilab.esa.re\/index.php\/2021\/05\/11\/pirate-2\/#respond\"\n\n\t\t\tonMouseOver=\"this.style.color = '#6988C4';\" onMouseLeave=\"this.style.color = '#777777';\"\n\n\t\t\t>1<\/a><\/div><\/div><h4 class=\"info post_category line\"><a style=\"color: #777777 \" href=\"https:\/\/www.apilab.esa.re\/index.php\/category\/concepts\/\"\n\n\t\t\t\t\t\tonMouseOver=\"this.style.color = '#6988C4';\" onMouseLeave=\"this.style.color = '#777777';\"\n\n\t\t\t\t\t\t>Concept(s)<\/a><\/h4><\/div><\/div><div class='col-md-12'><div class=\"box_post\"><h1 class=\"title_post\"> <a  style=\"color: #030202\"\n\t\t\t  onMouseOver=\"this.style.color = '#6988C4';\" onMouseLeave=\"this.style.color = '#030202';\"\n\t\t\t\thref=\"https:\/\/www.apilab.esa.re\/index.php\/2021\/05\/11\/edito\/\">Edito<\/a><\/h1><p class=\"text_post\" style=\"color: #777777 \">\u00e9ditorialEst-il profitable d&#8217;accepter l&#8217;id\u00e9e que la finalit\u00e9 de tout discours sur l&#8217;oeuvre devrait \u00eatre de passer \u00e0 c\u00f4t\u00e9 d&#8217;elle afin de la &#8220;laisser (se)<a href=\"https:\/\/www.apilab.esa.re\/index.php\/2021\/05\/11\/edito\/\" class=\"load_more\"><i style=\"color:#777777 \" class=\"fas fa-long-arrow-alt-right\"\n\n\t\t\tonMouseOver=\"this.style.color = '#6988C4';\" onMouseLeave=\"this.style.color = '#777777';\"\n\n\t\t\t><\/i><\/a><\/p><div class=\"box_info line\"><div class=\"info post_author\"><i style=\"color: #777777 \" class=\"far fa-user\"><\/i><a href=\"https:\/\/www.apilab.esa.re\/index.php\/author\/fmary\/\" style=\"color:#777777\"\n\n\t\tonMouseOver=\"this.style.color = '#6988C4';\" onMouseLeave=\"this.style.color = '#777777';\"\n\n\t\t>Fr\u00e9d\u00e9ric MARY<\/a><\/div><div style=\"color: #777777 \" class=\"info post_date\"><i style=\"color: #777777 \"  class=\"far fa-calendar-alt\"><\/i>11 mai 2021<\/div><div class=\"info post_comment\"><i style=\"color: #777777 \"  class=\"far fa-comment-alt\"><\/i><a style=\"color: #777777 \" href=\"https:\/\/www.apilab.esa.re\/index.php\/2021\/05\/11\/edito\/#respond\"\n\n\t\t\tonMouseOver=\"this.style.color = '#6988C4';\" onMouseLeave=\"this.style.color = '#777777';\"\n\n\t\t\t>0<\/a><\/div><\/div><h4 class=\"info post_category line\"><a style=\"color: #777777 \" href=\"https:\/\/www.apilab.esa.re\/index.php\/category\/edito\/\"\n\n\t\t\t\t\t\tonMouseOver=\"this.style.color = '#6988C4';\" onMouseLeave=\"this.style.color = '#777777';\"\n\n\t\t\t\t\t\t>\u00c9dito<\/a><\/h4><\/div><\/div><div class='col-md-12'><div class=\"box_post\"><h1 class=\"title_post\"> <a  style=\"color: #030202\"\n\t\t\t  onMouseOver=\"this.style.color = '#6988C4';\" onMouseLeave=\"this.style.color = '#030202';\"\n\t\t\t\thref=\"https:\/\/www.apilab.esa.re\/index.php\/2021\/05\/11\/post-modernisme-et-culture-populaire\/\">Post modernisme  et culture populaire<\/a><\/h1><p class=\"text_post\" style=\"color: #777777 \">Post modernisme et culture populaireLe probl\u00e8me du postmodernisme dans la culture populaire (par Richard George) Le postmodernisme est une esth\u00e9tique qui, dans la culture populaire, peut<a href=\"https:\/\/www.apilab.esa.re\/index.php\/2021\/05\/11\/post-modernisme-et-culture-populaire\/\" class=\"load_more\"><i style=\"color:#777777 \" class=\"fas fa-long-arrow-alt-right\"\n\n\t\t\tonMouseOver=\"this.style.color = '#6988C4';\" onMouseLeave=\"this.style.color = '#777777';\"\n\n\t\t\t><\/i><\/a><\/p><div class=\"box_info line\"><div class=\"info post_author\"><i style=\"color: #777777 \" class=\"far fa-user\"><\/i><a href=\"https:\/\/www.apilab.esa.re\/index.php\/author\/fmary\/\" style=\"color:#777777\"\n\n\t\tonMouseOver=\"this.style.color = '#6988C4';\" onMouseLeave=\"this.style.color = '#777777';\"\n\n\t\t>Fr\u00e9d\u00e9ric MARY<\/a><\/div><div style=\"color: #777777 \" class=\"info post_date\"><i style=\"color: #777777 \"  class=\"far fa-calendar-alt\"><\/i>11 mai 2021<\/div><div class=\"info post_comment\"><i style=\"color: #777777 \"  class=\"far fa-comment-alt\"><\/i><a style=\"color: #777777 \" href=\"https:\/\/www.apilab.esa.re\/index.php\/2021\/05\/11\/post-modernisme-et-culture-populaire\/#respond\"\n\n\t\t\tonMouseOver=\"this.style.color = '#6988C4';\" onMouseLeave=\"this.style.color = '#777777';\"\n\n\t\t\t>0<\/a><\/div><\/div><h4 class=\"info post_category line\"><a style=\"color: #777777 \" href=\"https:\/\/www.apilab.esa.re\/index.php\/category\/images\/\"\n\n\t\t\t\t\t\tonMouseOver=\"this.style.color = '#6988C4';\" onMouseLeave=\"this.style.color = '#777777';\"\n\n\t\t\t\t\t\t>Image(s)<\/a><\/h4><\/div><\/div><div class='col-md-12'><div class=\"box_post\"><h1 class=\"title_post\"> <a  style=\"color: #030202\"\n\t\t\t  onMouseOver=\"this.style.color = '#6988C4';\" onMouseLeave=\"this.style.color = '#030202';\"\n\t\t\t\thref=\"https:\/\/www.apilab.esa.re\/index.php\/2021\/05\/11\/bague-comme-alliance\/\">Bague comme alliance<\/a><\/h1><p class=\"text_post\" style=\"color: #777777 \">SYMBOLIQUE DE LA BAGUE COMME ALLIANCE id\u00e9ologie et objet esth\u00e9tique (par Mounir ALLAOUI) \u00ab\u00a0La civilisation n\u2019est point chose sociale, mais psychologique\u00a0; et il n\u2019en est qu\u2019une qui<a href=\"https:\/\/www.apilab.esa.re\/index.php\/2021\/05\/11\/bague-comme-alliance\/\" class=\"load_more\"><i style=\"color:#777777 \" class=\"fas fa-long-arrow-alt-right\"\n\n\t\t\tonMouseOver=\"this.style.color = '#6988C4';\" onMouseLeave=\"this.style.color = '#777777';\"\n\n\t\t\t><\/i><\/a><\/p><div class=\"box_info line\"><div class=\"info post_author\"><i style=\"color: #777777 \" class=\"far fa-user\"><\/i><a href=\"https:\/\/www.apilab.esa.re\/index.php\/author\/fmary\/\" style=\"color:#777777\"\n\n\t\tonMouseOver=\"this.style.color = '#6988C4';\" onMouseLeave=\"this.style.color = '#777777';\"\n\n\t\t>Fr\u00e9d\u00e9ric MARY<\/a><\/div><div style=\"color: #777777 \" class=\"info post_date\"><i style=\"color: #777777 \"  class=\"far fa-calendar-alt\"><\/i>11 mai 2021<\/div><div class=\"info post_comment\"><i style=\"color: #777777 \"  class=\"far fa-comment-alt\"><\/i><a style=\"color: #777777 \" href=\"https:\/\/www.apilab.esa.re\/index.php\/2021\/05\/11\/bague-comme-alliance\/#respond\"\n\n\t\t\tonMouseOver=\"this.style.color = '#6988C4';\" onMouseLeave=\"this.style.color = '#777777';\"\n\n\t\t\t>0<\/a><\/div><\/div><h4 class=\"info post_category line\"><a style=\"color: #777777 \" href=\"https:\/\/www.apilab.esa.re\/index.php\/category\/matieres\/\"\n\n\t\t\t\t\t\tonMouseOver=\"this.style.color = '#6988C4';\" onMouseLeave=\"this.style.color = '#777777';\"\n\n\t\t\t\t\t\t>Mati\u00e8re(s)<\/a><\/h4><\/div><\/div><div class='col-md-12'><div class=\"box_post\"><h1 class=\"title_post\"> <a  style=\"color: #030202\"\n\t\t\t  onMouseOver=\"this.style.color = '#6988C4';\" onMouseLeave=\"this.style.color = '#030202';\"\n\t\t\t\thref=\"https:\/\/www.apilab.esa.re\/index.php\/2021\/05\/11\/autour-de-christian-jalma\/\">Autour de Christian Jalma<\/a><\/h1><p class=\"text_post\" style=\"color: #777777 \">Autour de Christian Jalma \u00ab\u00a0N\u00e9 en 1961 \u00e0 Saint-Denis de La R\u00e9union, Christian Jalma dit Floyd Dog est un artiste pluriel. Plasticien, musicien, po\u00e8te, orateur, archiviste, proph\u00e8te<a href=\"https:\/\/www.apilab.esa.re\/index.php\/2021\/05\/11\/autour-de-christian-jalma\/\" class=\"load_more\"><i style=\"color:#777777 \" class=\"fas fa-long-arrow-alt-right\"\n\n\t\t\tonMouseOver=\"this.style.color = '#6988C4';\" onMouseLeave=\"this.style.color = '#777777';\"\n\n\t\t\t><\/i><\/a><\/p><div class=\"box_info line\"><div class=\"info post_author\"><i style=\"color: #777777 \" class=\"far fa-user\"><\/i><a href=\"https:\/\/www.apilab.esa.re\/index.php\/author\/fmary\/\" style=\"color:#777777\"\n\n\t\tonMouseOver=\"this.style.color = '#6988C4';\" onMouseLeave=\"this.style.color = '#777777';\"\n\n\t\t>Fr\u00e9d\u00e9ric MARY<\/a><\/div><div style=\"color: #777777 \" class=\"info post_date\"><i style=\"color: #777777 \"  class=\"far fa-calendar-alt\"><\/i>11 mai 2021<\/div><div class=\"info post_comment\"><i style=\"color: #777777 \"  class=\"far fa-comment-alt\"><\/i><a style=\"color: #777777 \" href=\"https:\/\/www.apilab.esa.re\/index.php\/2021\/05\/11\/autour-de-christian-jalma\/#respond\"\n\n\t\t\tonMouseOver=\"this.style.color = '#6988C4';\" onMouseLeave=\"this.style.color = '#777777';\"\n\n\t\t\t>0<\/a><\/div><\/div><h4 class=\"info post_category line\"><a style=\"color: #777777 \" href=\"https:\/\/www.apilab.esa.re\/index.php\/category\/mediatons\/\"\n\n\t\t\t\t\t\tonMouseOver=\"this.style.color = '#6988C4';\" onMouseLeave=\"this.style.color = '#777777';\"\n\n\t\t\t\t\t\t>M\u00e9dia(ton)s<\/a><\/h4><\/div><\/div><div class='col-md-12'><div class=\"box_post\"><h1 class=\"title_post\"> <a  style=\"color: #030202\"\n\t\t\t  onMouseOver=\"this.style.color = '#6988C4';\" onMouseLeave=\"this.style.color = '#030202';\"\n\t\t\t\thref=\"https:\/\/www.apilab.esa.re\/index.php\/2021\/05\/11\/maud-marique\/\">Maud MARIQUE, po\u00e9tesse de nos jours<\/a><\/h1><p class=\"text_post\" style=\"color: #777777 \">Po\u00e9tesse, de nos jours Rencontre avec Maud Marique Avant de rentrer en Europe tu as bifurqu\u00e9 par La R\u00e9union, l&#8217;Ecole d&#8217;Art du Port. Qu&#8217;est-ce que cela t&#8217;as apport\u00e9<a href=\"https:\/\/www.apilab.esa.re\/index.php\/2021\/05\/11\/maud-marique\/\" class=\"load_more\"><i style=\"color:#777777 \" class=\"fas fa-long-arrow-alt-right\"\n\n\t\t\tonMouseOver=\"this.style.color = '#6988C4';\" onMouseLeave=\"this.style.color = '#777777';\"\n\n\t\t\t><\/i><\/a><\/p><div class=\"box_info line\"><div class=\"info post_author\"><i style=\"color: #777777 \" class=\"far fa-user\"><\/i><a href=\"https:\/\/www.apilab.esa.re\/index.php\/author\/fmary\/\" style=\"color:#777777\"\n\n\t\tonMouseOver=\"this.style.color = '#6988C4';\" onMouseLeave=\"this.style.color = '#777777';\"\n\n\t\t>Fr\u00e9d\u00e9ric MARY<\/a><\/div><div style=\"color: #777777 \" class=\"info post_date\"><i style=\"color: #777777 \"  class=\"far fa-calendar-alt\"><\/i>11 mai 2021<\/div><div class=\"info post_comment\"><i style=\"color: #777777 \"  class=\"far fa-comment-alt\"><\/i><a style=\"color: #777777 \" href=\"https:\/\/www.apilab.esa.re\/index.php\/2021\/05\/11\/maud-marique\/#respond\"\n\n\t\t\tonMouseOver=\"this.style.color = '#6988C4';\" onMouseLeave=\"this.style.color = '#777777';\"\n\n\t\t\t>0<\/a><\/div><\/div><h4 class=\"info post_category line\"><a style=\"color: #777777 \" href=\"https:\/\/www.apilab.esa.re\/index.php\/category\/textualites\/\"\n\n\t\t\t\t\t\tonMouseOver=\"this.style.color = '#6988C4';\" onMouseLeave=\"this.style.color = '#777777';\"\n\n\t\t\t\t\t\t>Textualit\u00e9(s)<\/a><\/h4><\/div><\/div><div class='col-md-12'><div class=\"box_post\"><h1 class=\"title_post\"> <a  style=\"color: #030202\"\n\t\t\t  onMouseOver=\"this.style.color = '#6988C4';\" onMouseLeave=\"this.style.color = '#030202';\"\n\t\t\t\thref=\"https:\/\/www.apilab.esa.re\/index.php\/2024\/04\/23\/environnement-et-paysage-au-japon-et-ou-a-la-reunion-vers-une-ecocritique-comparatiste-universite-de-la-reunion-ecole-superieure-dart-de-la-reunion\/\">Environnement et paysage au Japon et\/ou a\u0300 La Re\u0301union : vers une e\u0301cocritique comparatiste (Universit\u00e9 de la R\u00e9union &#8211; \u00c9cole Sup\u00e9rieure d&#8217;Art de la R\u00e9union)<\/a><\/h1><p class=\"text_post\" style=\"color: #777777 \">Le Japon et La R\u00e9union peuvent se d\u00e9finir par leur insularit\u00e9. Ces deux espaces, a priori \u00e9loign\u00e9s l\u2019un de l\u2019autre, partagent toutefois de nombreuses probl\u00e9matiques. Lors d\u2019une<a href=\"https:\/\/www.apilab.esa.re\/index.php\/2024\/04\/23\/environnement-et-paysage-au-japon-et-ou-a-la-reunion-vers-une-ecocritique-comparatiste-universite-de-la-reunion-ecole-superieure-dart-de-la-reunion\/\" class=\"load_more\"><i style=\"color:#777777 \" class=\"fas fa-long-arrow-alt-right\"\n\n\t\t\tonMouseOver=\"this.style.color = '#6988C4';\" onMouseLeave=\"this.style.color = '#777777';\"\n\n\t\t\t><\/i><\/a><\/p><div class=\"box_info line\"><div class=\"info post_author\"><i style=\"color: #777777 \" class=\"far fa-user\"><\/i><a href=\"https:\/\/www.apilab.esa.re\/index.php\/author\/mallaoui\/\" style=\"color:#777777\"\n\n\t\tonMouseOver=\"this.style.color = '#6988C4';\" onMouseLeave=\"this.style.color = '#777777';\"\n\n\t\t>Mounir ALLAOUI<\/a><\/div><div style=\"color: #777777 \" class=\"info post_date\"><i style=\"color: #777777 \"  class=\"far fa-calendar-alt\"><\/i>23 avril 2024<\/div><div class=\"info post_comment\"><i style=\"color: #777777 \"  class=\"far fa-comment-alt\"><\/i><a style=\"color: #777777 \" href=\"https:\/\/www.apilab.esa.re\/index.php\/2024\/04\/23\/environnement-et-paysage-au-japon-et-ou-a-la-reunion-vers-une-ecocritique-comparatiste-universite-de-la-reunion-ecole-superieure-dart-de-la-reunion\/#respond\"\n\n\t\t\tonMouseOver=\"this.style.color = '#6988C4';\" onMouseLeave=\"this.style.color = '#777777';\"\n\n\t\t\t>0<\/a><\/div><\/div><h4 class=\"info post_category line\"><a style=\"color: #777777 \" href=\"https:\/\/www.apilab.esa.re\/index.php\/category\/actions\/\"\n\n\t\t\t\t\t\tonMouseOver=\"this.style.color = '#6988C4';\" onMouseLeave=\"this.style.color = '#777777';\"\n\n\t\t\t\t\t\t>Action(s)<\/a><\/h4><\/div><\/div><\/div><\/div>\t\t<\/div>\n\t\t\t\t<\/div>\n\t\t\t\t\t\t<\/div>\n\t\t\t\t\t<\/div>\n\t\t<\/div>\n\t\t\t\t\t\t\t\t<\/div>\n\t\t\t\t\t<\/div>\n\t\t<\/section>\n\t\t\t\t<section class=\"elementor-section elementor-top-section elementor-element elementor-element-da55ae0 elementor-section-boxed elementor-section-height-default elementor-section-height-default\" data-id=\"da55ae0\" data-element_type=\"section\" data-settings=\"{&quot;tmea_shape_divider_top&quot;:&quot;none&quot;,&quot;tmea_shape_divider_bottom&quot;:&quot;none&quot;}\">\n\t\t\t\t\t\t<div class=\"elementor-container elementor-column-gap-default\">\n\t\t\t\t\t\t\t<div class=\"elementor-row\">\n\t\t\t\t\t<div class=\"elementor-column elementor-col-100 elementor-top-column elementor-element elementor-element-487df6d\" data-id=\"487df6d\" data-element_type=\"column\">\n\t\t\t<div class=\"elementor-column-wrap\">\n\t\t\t\t\t\t\t<div class=\"elementor-widget-wrap\">\n\t\t\t\t\t\t\t\t<\/div>\n\t\t\t\t\t<\/div>\n\t\t<\/div>\n\t\t\t\t\t\t\t\t<\/div>\n\t\t\t\t\t<\/div>\n\t\t<\/section>\n\t\t\t\t\t\t<\/div>\n\t\t\t\t\t\t<\/div>\n\t\t\t\t\t<\/div>\n\t\t","protected":false},"excerpt":{"rendered":"<p>A__CTUELesth\u00e9tique, politique, narrationRevue d&#8217;APILab, num\u00e9ro z\u00e9roMagmaPour son premier num\u00e9ro, la revue d&#8217;APILab change de nom Previous Next \u00a0 \u00a0 \u00a0 \u00a0 \u00a0 \u00a0 \u00a0 \u00a0 \u00a0 Ce site ne publie qu&#8217;une partie des articles de la revue ARTCTUEL. La version compl\u00e8te, au format papier, sera disponible courant f\u00e9vrier.\u00a0 Na\u00eetre au monde Na\u00eetre au mondeEntretien avec [&hellip;]<\/p>\n","protected":false},"author":1,"featured_media":0,"parent":0,"menu_order":0,"comment_status":"closed","ping_status":"closed","template":"page-templates\/home-page-1.php","meta":{"footnotes":""},"_links":{"self":[{"href":"https:\/\/www.apilab.esa.re\/index.php\/wp-json\/wp\/v2\/pages\/20"}],"collection":[{"href":"https:\/\/www.apilab.esa.re\/index.php\/wp-json\/wp\/v2\/pages"}],"about":[{"href":"https:\/\/www.apilab.esa.re\/index.php\/wp-json\/wp\/v2\/types\/page"}],"author":[{"embeddable":true,"href":"https:\/\/www.apilab.esa.re\/index.php\/wp-json\/wp\/v2\/users\/1"}],"replies":[{"embeddable":true,"href":"https:\/\/www.apilab.esa.re\/index.php\/wp-json\/wp\/v2\/comments?post=20"}],"version-history":[{"count":214,"href":"https:\/\/www.apilab.esa.re\/index.php\/wp-json\/wp\/v2\/pages\/20\/revisions"}],"predecessor-version":[{"id":3955,"href":"https:\/\/www.apilab.esa.re\/index.php\/wp-json\/wp\/v2\/pages\/20\/revisions\/3955"}],"wp:attachment":[{"href":"https:\/\/www.apilab.esa.re\/index.php\/wp-json\/wp\/v2\/media?parent=20"}],"curies":[{"name":"wp","href":"https:\/\/api.w.org\/{rel}","templated":true}]}}